*l + 2*k + 0*k = -44051, -3*l + 44061 = 3*k. Let d be 1/(-2) - 63/(-14). Suppose -m = 3*s - 2948, -d*s + l = -5*m + 10*m. Is m prime?
False
Let y = 1899598 + -637819. Is y composite?
True
Let q = -3914 + 8497. Is q a composite number?
False
Let r(l) = 15*l**3 + 5*l**2 - 81*l + 33. Is r(14) a composite number?
False
Let f(b) = 67*b. Let p be f(12). Let u = p - 407. Is u a composite number?
False
Suppose 10*l + 79 - 3709 = 0. Let w = l + -310. Is w a prime number?
True
Suppose -2*y + 272 = -10*y. Let k(p) = p**2 - 2*p + 85. Let l be k(0). Is 2114/10 + y/l a prime number?
True
Suppose 122409 = i - 154442. Is i a prime number?
False
Let u = -1109133 + 1734532. Suppose 0 = -56*w + u + 899089. Is w prime?
False
Suppose 0*k + 3 = k. Suppose -2*b = 4*r + 8, k*b + 3*r + 7 + 20 = 0. Is ((-1542)/(-3))/(b/(-7)) a prime number?
True
Let q(v) be the third derivative of 13*v**5/30 + 5*v**4/12 - 47*v**3/6 + 166*v**2. Is q(10) a prime number?
False
Suppose 822090 = 5*p - 5*y, -24*p = -28*p + y + 657657. Is p composite?
False
Let a(f) = 402*f - 3. Let z = 185 + -178. Is a(z) prime?
False
Let v(y) = -59*y**3 + 19*y**2 + 17*y - 4. Is v(-3) composite?
False
Is -2*((-408814)/4 - (-16 + 23 - 4)) prime?
False
Is ((-6)/5)/(6/15) + 273462 - 2 composite?
False
Let r = 12436 + -8402. Suppose -12*z + 30730 = -r. Is z a composite number?
False
Let r = -1691 - -1183. Suppose -2*k + 1983 = -3*v, 2*k + v - 1308 = 663. Let m = r + k. Is m a prime number?
True
Suppose -4*u + 935750 = -264758. Is u composite?
True
Let n(p) = -75*p**3 + 32*p**2 + p + 77. Is n(-9) composite?
True
Let c(t) = 16*t + 1. Suppose -3*k + q + 3 = 15, 0 = -k - 4*q + 9. Let s be (k - (-60)/16)*4. Is c(s) composite?
True
Is 1212610/56 - (-9)/(-12) prime?
False
Suppose -d + 4*h + 601001 = 0, -4*d + 644245 = 4*h - 1759859. Is d prime?
True
Let j = -54 + 58. Let p be 155/15 + j/(-3). Let x(w) = 3*w**3 - 7*w**2 + 8*w - 14. Is x(p) composite?
True
Let h = -2820 + 6192. Let o(v) = -31*v - 1688. Let a be o(-55). Let u = h + a. Is u a prime number?
True
Let x be 8/1*(7 + (-9 - 0)). Is 7 + 560 + x/(-4) a prime number?
True
Suppose 21787 + 194935 = 11*b. Suppose 524 = 6*p - b. Is p a composite number?
False
Let w(f) = -3*f + 23. Let l(q) = -9*q + 70. Let o(i) = 3*l(i) - 8*w(i). Let n be o(7). Suppose 5*r - 2*c - 9102 = -915, -n*r - 5*c + 8215 = 0. Is r prime?
False
Let v = 7013 + -4209. Is v - 9/((-9)/5) a composite number?
True
Suppose -11*c + 10 = -9*c. Suppose -c*w + 7 = -3. Suppose -3*p + 5*g = -0*g - 3939, w*g + 1312 = p. Is p a prime number?
False
Let x be 1 + -48*6/(-9). Suppose -30*h + x*h = 51. Suppose -3995 = -22*f + h*f. Is f a composite number?
True
Let g(f) = f**3 + 32*f**2 - 40*f + 105. Suppose -37*q + 35*q - 64 = 0. Is g(q) a prime number?
False
Let z(c) = 4618*c**2 + 3. Let f = 204 - 205. Is z(f) prime?
True
Suppose 0 = -6*s + 22071 + 140757. Suppose -s - 15342 = -9*z. Suppose 6*p - 62 - z = 0. Is p prime?
True
Let u = -77497 - 144125. Is (((-16)/(-12))/2)/((-4)/u) a prime number?
False
Suppose 9*u + 34 = 241. Let s be u/46*(0 - 4). Is -1*(-3 - s)*(798 + -4) composite?
True
Let b(g) = 19*g**2 + 4*g - 6. Suppose -6*r + 0*r + 162 = 0. Suppose r = -3*x + 4*o, x + 3*o - 24 = 4*x. Is b(x) prime?
True
Let x(o) = 6*o + 90. Let a be x(-16). Let q(b) = -11*b**3 - 3*b**2 - 10*b - 21. Is q(a) prime?
False
Is 1777545/(11 - -24) - (6 - 1) a prime number?
False
Let h(r) = 11 + 7*r**2 - 4*r**2 + r**3 + 10*r + 4*r**2. Is h(9) a prime number?
False
Is ((-14)/(-3))/(15585920/(-101313888) + 10/65) a prime number?
False
Suppose -13 = -3*j - 7. Suppose 2*b - j = -5*g, -3*g - 3*b - b = 10. Is (-1114*(g + -1))/(-2) composite?
False
Let x = -111 - -110. Let r be 2 + (1 - -85) + 2 - x. Is 26/r + 35430/14 prime?
True
Let j(d) = 901*d + 669*d + 198*d + 73*d + 175. Is j(12) composite?
True
Is 5116560/150 - (-4)/(-10) - -5 a composite number?
True
Let u be ((-76)/(-19) - 14/4)*22. Suppose -5*q - 4506 = -u*q. Is q a prime number?
True
Suppose 3 = -2*i + 13, 2*m - 4*i + 10 = 0. Let p(a) = 101*a - 26. Let d(k) = 51*k - 13. Let j(n) = m*d(n) - 2*p(n). Is j(6) prime?
False
Let q(o) = -771*o + 1250. Is q(-13) a prime number?
True
Let a = 150643 + -102570. Is a prime?
True
Let v be (192/(-56))/((-1)/(-14)). Let r = v - -46. Let m(k) = -101*k - 11. Is m(r) composite?
False
Let g = -734 + 365. Suppose 0 = 5*x - 3575 - 165. Let w = x + g. Is w a composite number?
False
Let t = 11815 - -15006. Is t a composite number?
False
Let t = -19179 - -39886. Is t a prime number?
True
Is ((-592462)/(-6) - (31 - 33))*3 a prime number?
True
Let c = 251723 + -175746. Is c a composite number?
True
Suppose -2*g = -m - 388889, 0 = -4*m + m - 9. Is g composite?
False
Let s(t) = 8*t + 48. Let x be s(-6). Suppose -2*n = -5*d - x*d - 1543, -1 = d. Is n prime?
True
Suppose 8 = -4*j + 20, -2*d + 5*j = -45. Suppose -34*m = -d*m. Suppose -4*v - 2*a + 1636 = m, -a + 486 - 75 = v. Is v a composite number?
True
Let n = -173 - -161. Is 18516/9*n/(-8) a prime number?
False
Let t be ((-2)/(-4) - 1)*-13154. Let x = t - 3388. Is x composite?
True
Let r(k) = 65*k**2 - 14*k - 28. Let f be r(29). Let h = f - 37738. Is h prime?
True
Let p(z) = 28*z**3 - z**2 + 14*z - 53. Is p(4) prime?
False
Let f(a) = 618*a**2 + 7*a + 3. Let z be f(-3). Let v = z + -3281. Is v a composite number?
True
Let l(j) = 56*j**2 - 42*j + 11. Is l(5) prime?
True
Suppose -15*c + 43522 = -194333. Let j = c + -7130. Is j composite?
True
Suppose -11*u + 9495 - 794 = -2200. Is u a composite number?
False
Suppose -31*r + 4567 = -30*r. Let k = r + -734. Is k composite?
False
Let w be 9/(-1 - (-10)/15). Is ((-3474)/w)/((-84)/45 - -2) a composite number?
True
Let p be (-177)/(-9)*3*-1. Let x = p - -59. Suppose 4*g + 0*g - 3*u - 9676 = x, 3*g - 7257 = -3*u. Is g a composite number?
True
Is 2110905/55 + 4 + 348/(-319) a prime number?
False
Let g be 6/((5 - (-75)/(-10)) + 4). Suppose -5*z = q - 22, 2*q - 2*z = -g*z + 44. Is q a prime number?
False
Let t(n) be the second derivative of -n**5/5 - n**4/3 - n**3/3 + 5*n**2/2 + 3*n. Let c = 116 - 120. Is t(c) prime?
False
Let a(h) = -6*h**3 + 11*h**2 - 274*h + 271. Is a(-28) a composite number?
False
Let l(z) = 25408*z**2 - 140*z + 425. Is l(3) a prime number?
True
Suppose 69*x + 61*x - 1782319 = 53*x. Is x composite?
True
Let a = -1242 + 2234. Let l(t) = t - 6. Let s be l(6). Suppose 4*i - 957 = m - 2*m, s = m - 3*i - a. Is m prime?
True
Suppose -87*s + 79*s = -40. Suppose 2*u - 20550 = -2*k, s*u = 3*k - 4*k + 10259. Is k a prime number?
False
Let u = -18131 - -37095. Is (u/20)/((-3)/(-15)) a composite number?
True
Suppose -5*l = 3*u - 3387289, 249*l + 2*u = 247*l + 1354914. Is l a composite number?
False
Let o(i) = 124*i**2 + 5. Let s(z) = 247*z**2 + 12. Let u(g) = 5*o(g) - 2*s(g). Let b(r) = 2*r**2 - 1. Let f be b(-1). Is u(f) a composite number?
False
Suppose -v - c + 3124 = 0, 3*c - 1603 = -v + 1517. Let i = v + 937. Is i a composite number?
True
Let z(n) = 57*n**2 + 18*n + 18. Let b be z(-14). Suppose 14*r - b - 5120 = 0. Is r a prime number?
False
Let g(x) = 12565*x + 188. Is g(21) prime?
True
Let h = 11556 - 4807. Is h composite?
True
Suppose -185 + 1073 = -12*h. Is (-2)/8*2*h*61 a prime number?
False
Suppose 11*y - 4*y + 70 = 0. Let v be (-233)/(4/y + (-3)/5). Suppose 169 = 3*w + 3*l - v, l = w - 128. Is w a composite number?
False
Suppose 35*w + 19*w = 6372. Suppose -w*k - 97903 = -131*k. Is k a composite number?
True
Suppose -3*x + 18 = 0, 0 = -2*m - x + 56181 + 64795. Is m composite?
True
Let n = 17297 - -23630. Is n a composite number?
False
Let h(p) = 6*p**2 - 6*p + 7. Let z be h(6). Suppose 0 = -2*b - 29 + z. Suppose -b - 126 = -a. Is a a prime number?
False
Suppose -18127 = 5*z - 5*k - 361957, -3*z + 5*k + 206288 = 0. Is z a prime number?
True
Let a(z) = 17*z**2 - 51*z - 403. Is a(-45) composite?
True
Suppose -2*n + 1612 = -3*n. Let k(b) = b**3 - 7*b**2 + 5*b - 26. Let g be k(16). Let x = n + g. Is x a prime number?
False
Let r(d) = 147*d - 22*d**2 + 6*d**2 + 4*d**3 - 137*d - 19. Is r(9) composite?
True
Let b be (17 + 43)*(2/(-4) + 1). Suppose 5*i - 90 = -5*f + 2*i, b = f + 3*i. Suppose -184 = 4*s + 4*j - 1456, 3*j = -f. Is s prime?
False
Let h = 53458 + 25051. Is h prime?
True
Let a(j) = j - 24. Let r be a(9). Let t be (r/(-6))/((2/(-4))/(-1)). Sup